se 6) to base 9.
47
What is -3 (base 16) in base 8?
-3
Convert 2 (base 10) to base 7.
2
Convert 5 (base 8) to base 16.
5
Convert -5 (base 9) to base 3.
-12
1 (base 7) to base 11
1
-202 (base 12) to base 10
-290
Convert 9 (base 13) to base 12.
9
What is -4 (base 6) in base 15?
-4
-d1 (base 14) to base 2
-10110111
Convert -325 (base 7) to base 6.
-434
What is -c (base 13) in base 11?
-11
1144 (base 7) to base 8
650
-1230 (base 4) to base 5
-413
-4 (base 6) to base 14
-4
4 (base 14) to base 16
4
Convert 71 (base 11) to base 13.
60
Convert -113 (base 8) to base 6.
-203
-2 (base 15) to base 11
-2
3 (base 12) to base 14
3
What is 37 (base 15) in base 8?
64
4d (base 16) to base 7
140
What is -20 (base 14) in base 8?
-34
What is 3 (base 6) in base 14?
3
Convert -44 (base 5) to base 9.
-26
0 (base 15) to base 14
0
What is 12 (base 13) in base 14?
11
What is 32 (base 10) in base 4?
200
Convert 7 (base 9) to base 13.
7
What is 32 (base 6) in base 8?
24
-2 (base 8) to base 4
-2
-10 (base 7) to base 4
-13
Convert 1313 (base 4) to base 13.
92
What is 17 (base 14) in base 8?
25
What is 24 (base 14) in base 7?
44
39 (base 12) to base 5
140
Convert b (base 16) to base 3.
102
What is -1 (base 16) in base 2?
-1
What is 233 (base 10) in base 12?
175
-29 (base 15) to base 7
-54
Convert 7 (base 11) to base 14.
7
Convert 3 (base 12) to base 14.
3
What is -3 (base 15) in base 13?
-3
-211 (base 3) to base 12
-1a
210 (base 4) to base 8
44
Convert 243 (base 5) to base 14.
53
What is -3 (base 16) in base 11?
-3
Convert 71 (base 10) to base 6.
155
What is 1001 (base 3) in base 8?
34
-7 (base 14) to base 6
-11
What is 10 (base 5) in base 14?
5
-20 (base 3) to base 14
-6
5 (base 15) to base 16
5
What is -14 (base 6) in base 15?
-a
-5 (base 12) to base 2
-101
-110 (base 5) to base 4
-132
What is 1 (base 3) in base 15?
1
-34 (base 11) to base 14
-29
What is 1 (base 5) in base 13?
1
2 (base 16) to base 4
2
1 (base 16) to base 13
1
38 (base 12) to base 3
1122
Convert 169 (base 13) to base 15.
121
Convert -1 (base 5) to base 16.
-1
What is -114 (base 5) in base 12?
-2a
110 (base 2) to base 10
6
What is -10 (base 11) in base 12?
-b
What is 14 (base 14) in base 10?
18
What is 22 (base 5) in base 2?
1100
-3 (base 12) to base 3
-10
Convert -37 (base 13) to base 15.
-31
What is 14 (base 8) in base 10?
12
2 (base 4) to base 11
2
Convert -84 (base 10) to base 15.
-59
-5 (base 13) to base 3
-12
3 (base 14) to base 4
3
-81 (base 10) to base 11
-74
Convert -1 (base 11) to base 4.
-1
216 (base 9) to base 12
129
What is -c8 (base 15) in base 4?
-2330
Convert 0 (base 10) to base 4.
0
33 (base 11) to base 10
36
Convert 3 (base 9) to base 16.
3
What is 3 (base 11) in base 12?
3
Convert 20 (base 4) to base 8.
10
What is 9 (base 15) in base 10?
9
Convert 34 (base 9) to base 16.
1f
Convert 12 (base 14) to base 9.
17
Convert 0 (base 9) to base 4.
0
-49 (base 12) to base 4
-321
Convert -3 (base 15) to base 12.
-3
Convert 4 (base 14) to base 16.
4
What is -c (base 13) in base 15?
-c
What is 1 (base 16) in base 3?
1
What is -3 (base 10) in base 3?
-10
-21 (base 6) to base 12
-11
What is -2112 (base 3) in base 8?
-104
Convert -3013 (base 4) to base 3.
-21101
Convert 20 (base 10) to base 3.
202
Convert -1 (base 2) to base 12.
-1
Convert 24 (base 15) to base 5.
114
3 (base 11) to base 3
10
What is 14 (base 8) in base 3?
110
45 (base 11) to base 13
3a
What is -40 (base 9) in base 8?
-44
What is 1 (base 15) in base 10?
1
Convert -1 (base 15) to base 3.
-1
What is -4b (base 16) in base 10?
-75
a (base 15) to base 7
13
Convert -a2 (base 16) to base 4.
-2202
Convert -22 (base 3) to base 8.
-10
5 (base 14) to base 3
12
Convert 3 (base 7) to base 8.
3
10 (base 16) to base 5
31
-27 (base 11) to base 7
-41
1 (base 12) to base 14
1
What is 0 (base 15) in base 4?
0
3a (base 13) to base 4
301
Convert 9 (base 10) to base 4.
21
-7 (base 8) to base 10
-7
What is -8 (base 16) in base 11?
-8
What is 1011 (base 3) in base 6?
51
113 (base 5) to base 8
41
-126 (base 8) to base 9
-105
-201 (base 5) to base 11
-47
Convert 11100100 (base 2) to base 10.
228
Convert 17 (base 14) to base 12.
19
What is -1013 (base 4) in base 10?
-71
12 (base 13) to base 4
33
Convert 11 (base 6) to base 10.
7
Convert -4b (base 12) to base 4.
-323
42 (base 8) to base 12
2a
-1 (base 11) to base 9
-1
2221 (base 3) to base 13
61
Convert 164 (base 8) to base 14.
84
-2 (base 9) to base 6
-2
What is -1050 (base 6) in base 12?
-186
-20 (base 12) to base 8
-30
16 (base 9) to base 16
f
110 (base 2) to base 9
6
Convert -7 (base 8) to base 14.
-7
221 (base 3) to base 16
19
Convert -1021 (base 3) to base 11.
-31
What is 26 (base 16) in base 13?
2c
-20 (base 8) to base 5
-31
Convert -110 (base 2) to base 14.
-6
Convert 4 (base 12) to base 9.
4
0 (base 15) to base 5
0
What is -11 (base 15) in base 2?
-10000
Convert -4 (base 10) to base 3.
-11
15 (base 13) to base 7
24
What is -233 (base 4) in base 9?
-52
What is 0 (base 7) in base 15?
0
What is 1 (base 15) in base 13?
1
Convert -7 (base 11) to base 5.
-12
-20 (base 4) to base 6
-12
Convert 11 (base 4) to base 6.
5
What is 11 (base 3) in base 5?
4
Convert 21 (base 14) to base 3.
1002
What is -232 (base 5) in base 8?
-103
Convert -101011 (base 3) to base 6.
-1134
What is 6 (base 13) in base 16?
6
-118 (base 9) to base 7
-200
-10011 (base 2) to base 12
-17
What is -61 (base 8) in base 6?
-121
-4 (base 6) to base 11
-4
41 (base 7) to base 5
104
-23 (base 6) to base 14
-11
Convert 68 (base 9) to base 3.
2022
-24 (base 5) to base 9
-15
Convert 25 (base 16) to base 11.
34
112001 (base 3) to base 8
573
-b (base 14) to base 13
-b
What is -25 (base 7) in base 8?
-23
-1b (base 12) to base 14
-19
Convert 23 (base 7) to base 14.
13
Convert 98 (base 11) to base 13.
83
Convert -6 (base 15) to base 8.
-6
Convert -3 (base 13) to base 16.
-3
What is 1 (base 9) in base 13?
1
-23 (base 12) to base 8
-33
Convert 14 (base 7) to base 6.
15
40 (base 10) to base 7
55
-7 (base 16) to base 15
-7
Convert 26 (base 16) to base 11.
35
Convert -9 (base 13) to base 15.
-9
0 (base 2) to base 11
0
Convert 20 (base 7) to base 4.
32
What is 6 (base 14) in base 13?
6
What is -243 (base 5) in base 4?
-1021
What is -2 (base 16) in base 13?
-2
What is -3 (base 12) in base 2?
-11
Convert 5 (base 12) to base 6.
5
0 (base 16) to base 4
0
-3 (base 14) to base 12
-3
6 (base 7) to base 14
6
What is -4 (base 5) in base 2?
-100
Convert -2 (base 4) to base 6.
-2
Convert 342 (base 8) to base 10.
226
What is -12 (base 6) in base 9?
-8
Convert -13 (base 13) to base 8.
-20
-32 (base 14) to base 6
-112
Convert -2 (base 12) to base 7.
-2
What is -5 (base 8) in base 13?
-5
-59 (base 10) to base 11
-54
What is -1001 (base 2) in base 14?
-9
What is -17 (base 11) in base 10?
-18
What is -190 (base 11) in base 9?
-264
-4 (base 5) to base 12
-4
Convert -20 (base 6) to base 3.
-110
What is 2 (base 6) in base 2?
10
Convert 4 (base 14) to base 2.
100
-4a (base 16) to base 8
-112
What is -10011111 (base 2) in base 3?
-12220
5 (base 14) to base 3
12
Convert 4 (base 10) to base 4.
10
-86 (base 9) to base 3
-2220
8 (base 12) to base 16
8
What is 26 (base 13) in base 16?
20
7b (base 14) to base 11
9a
Convert -1c (base 13) to base 2.
-11001
Convert 20 (base 6) to base 12.
10
Convert 10001111 (base 2) to base 9.
168
What is -21 (base 8) in base 14?
-13
What is -3 (base 10) in base 6?
-3
Convert 0 (base 7) to base 15.
0
Convert 19 (base 12) to base 11.
1a
What is 14 (base 14) in base 11?
17
What is -24 (base 13) in base 5?
-110
-131 (base 9) to base 6
-301
What is 1 (base 2) in base 6?
1
-332 (base 6) to base 13
-9b
c2 (base 15) to base 2
10110110
-4 (base 7) to base 13
-4
3 (base 8) to base 2
11
What is -1 (base 12) in base 3?
-1
What is -6 (base 10) in base 16?
-6
Convert 107 (base 8) to base 12.
5b
1 (base 15) to base 10
1
3 (base 16) to base 11
3
4 (base 16) to base 2
100
Convert -208 (base 11) to base 9.
-307
Convert 110 (base 2) to base 9.
6
What is -43 (base 6) in base 13?
-21
Convert -1 (base 6) to base 11.
-1
14 (base 12) to base 11
15
Convert -36 (base 9) to base 12.
-29
Convert 1 (base 14) to base 9.
1
What is -4 (base 14) in base 15?
-4
Convert -34 (base 6) to base 8.
-26
Convert -1 (base 13) to base 16.
-1
-36 (base 15) to base 16
-33
0 (base 10) to base 2
0
Conver